e k(-47).
23
Let x(f) = 283037*f + 849104. Calculate x(-3).
-7
Let t(n) = -6*n**2 + 148*n + 1343. Calculate t(-8).
-225
Let b(a) = -2*a**3 + 95*a**2 + 77*a + 1686. Calculate b(49).
-1744
Let i(t) = -11*t**2 - 6672*t + 3186. Give i(-607).
151
Let r(q) = -1694*q - 28792. Calculate r(-17).
6
Let r(j) = -3*j**2 + 750*j - 46927. Calculate r(142).
-919
Let m(v) = -63*v - 656. What is m(-3)?
-467
Let d(t) = 27*t**2 - 111*t - 1041. Determine d(-8).
1575
Let d(l) = -28289*l - 311325. Calculate d(-11).
-146
Let l(c) = -18*c**3 - 4*c**2 - 190*c - 364. Determine l(-2).
144
Let p(h) = -7*h**3 + 149*h**2 + 208*h - 2163. Calculate p(22).
-7
Let c(z) = 650*z - 6664. Calculate c(11).
486
Let q(d) = 12*d**3 + 133*d**2 + 226*d + 13. Determine q(-9).
4
Let v(d) = -d**3 + 56*d**2 + 587*d - 39. What is v(65)?
91
Let h(r) = -544*r - 33175. Determine h(-61).
9
Let x(q) = q**3 + 341*q**2 + 5509*q + 358. Determine x(-324).
34
Let y(n) = -2*n**2 + 106*n + 14608. Give y(116).
-8
Let j(x) = 8*x**3 + 4141*x**2 - 1569*x - 7768. Give j(-518).
2
Let o(x) = -x**3 - 98*x**2 + 15835*x + 2164. Give o(-184).
140
Let c(x) = -24*x**3 + 13*x**2 - 1278*x - 7649. Give c(-6).
5671
Let r(c) = -5*c**3 - 12*c**2 - 421*c - 2393. Give r(-6).
781
Let g(n) = -22*n**2 - 11*n + 3. Determine g(-5).
-492
Let n(p) = 5*p**2 + 183*p - 4924. What is n(18)?
-10
Let k(s) = -71*s**2 + 533*s + 958. Calculate k(9).
4
Let o(t) = 21276*t + 297914. Determine o(-14).
50
Let z(t) = -3*t**3 + 111*t**2 - 456*t - 587. Give z(6).
25
Let v(p) = -473*p + 116218. Calculate v(244).
806
Let c(w) = 2*w**2 - 408*w + 15884. What is c(152)?
76
Let g(c) = c**3 - 14*c**2 - 83*c - 733. Determine g(20).
7
Let q(j) = 406*j - 18743. What is q(46)?
-67
Let b(k) = 7*k**2 - 3964*k - 73416. Give b(-18).
204
Let k(m) = -m**2 + 2988*m + 1231297. Determine k(-367).
12
Let x(t) = t**3 - 88*t**2 + 133*t + 3432. Determine x(86).
78
Let z(y) = -y**3 - 434*y**2 - 26934*y - 3302. Give z(-359).
-71
Let o(a) = a**2 - 20*a - 8. Determine o(-18).
676
Let s(m) = -5*m**3 - 9*m**2 + 32*m + 74. What is s(-2)?
14
Let u(p) = -16*p**2 + 1322*p - 7339. Calculate u(6).
17
Let l(z) = -z**2 - 1182*z - 37876. Determine l(-33).
41
Let u(h) = -12*h**2 + 239*h + 201. What is u(21)?
-72
Let p(x) = -2*x**3 - 22*x**2 + 9. Give p(-13).
685
Let q(v) = -17*v**2 - 1768*v + 8825. What is q(5)?
-440
Let s(w) = -10*w**2 + 2420*w - 83. Calculate s(242).
-83
Let n(m) = -4*m**3 - 1686*m**2 - 110844*m - 1366. What is n(-340)?
-6
Let a(k) = k**3 - 125*k**2 - 164*k - 11324. Determine a(127).
106
Let x(o) = -15515*o + 1349757. Give x(87).
-48
Let x(c) = c**3 + 329*c**2 - 268*c + 20803. What is x(-330)?
343
Let p(o) = -18*o**2 + 2174*o + 434. Determine p(121).
-50
Let u(z) = 2*z**2 - 219*z + 4638. Give u(25).
413
Let n(g) = -2*g**3 - 3382*g**2 - 47001*g - 75465. Calculate n(-1677).
0
Let z(y) = y**3 + 202*y**2 + 844*y + 10304. Give z(-198).
8
Let f(h) = -7*h**3 + 258*h**2 + 2942*h + 98. What is f(46)?
6
Let a(t) = -358431*t - 4301168. Give a(-12).
4
Let f(w) = -342632*w - 7537848. Calculate f(-22).
56
Let a(t) = t**3 + 3*t**2 - 355*t - 2378. Give a(-7).
-89
Let o(j) = -95*j**2 - 5589*j - 7. Calculate o(-59).
-951
Let c(x) = -2*x**3 + 150*x**2 - 293*x - 505. Determine c(73).
-578
Let g(l) = -1666*l + 133650. What is g(80)?
370
Let g(j) = 83364*j - 4168206. Calculate g(50).
-6
Let n(l) = 20234*l - 283497. Give n(14).
-221
Let a(i) = 145*i**3 + 574*i**2 + 398*i. Calculate a(-3).
57
Let f(w) = -19160*w - 747239. What is f(-39)?
1
Let l(o) = -4410*o**2 + 13235*o - 15. Give l(3).
0
Let p(w) = -1793*w - 753103. Give p(-420).
-43
Let s(v) = 5*v**2 + 1032*v + 52510. Determine s(-91).
3
Let l(i) = -i**2 + 317*i - 15932. Give l(252).
448
Let v(r) = -93*r**2 + 1139*r + 26. Determine v(12).
302
Let j(z) = -2*z**3 - 1887*z**2 + 24875*z - 44. Determine j(13).
34
Let y(j) = 21577*j + 194506. What is y(-9)?
313
Let n(f) = -130888*f + 2486884. Determine n(19).
12
Let m(z) = -10*z**2 - 336*z - 2599. What is m(-8)?
-551
Let k(j) = -2*j**2 + 871*j + 11955. Give k(449).
-168
Let i(s) = -3*s**2 - 120*s + 170. Determine i(-18).
1358
Let h(l) = 13*l**3 + 194*l**2 - 125*l - 1855. Give h(-15).
-205
Let u(x) = 664*x - 2183. Determine u(3).
-191
Let t(i) = -i**3 - 867*i**2 - 2868*i - 238534. What is t(-864)?
-70
Let x(w) = 3176876*w + 9530624. Calculate x(-3).
-4
Let t(w) = 3*w**3 + 580*w**2 - 481*w - 18020. Give t(-194).
22
Let o(a) = -a**2 - 234*a + 433. Calculate o(2).
-39
Let n(g) = -3*g**2 + 17*g + 127. What is n(-5)?
-33
Let h(q) = 78925*q - 157881. Determine h(2).
-31
Let g(x) = -24*x**2 + 5942*x - 43837. Determine g(240).
-157
Let c(q) = 8*q**3 - 13*q**2 + 71*q - 53. Calculate c(4).
535
Let t(j) = 79*j**2 + 94*j - 2278. What is t(-6)?
2
Let r(c) = c**3 + 26*c**2 - 35*c + 22. Give r(-27).
238
Let p(u) = 914*u**2 + 658*u. What is p(-1)?
256
Let q(j) = 14*j**2 - 465*j + 1319. Give q(30).
-31
Let w(m) = -29522*m + 29556. Calculate w(1).
34
Let d(k) = -90842*k - 363316. Give d(-4).
52
Let u(n) = -3*n**3 + 524*n**2 + 13287*n - 17331. What is u(197)?
5
Let c(v) = 2833*v + 93563. Give c(-33).
74
Let v(q) = 111*q**2 - 999*q + 900. Calculate v(8).
12
Let r(x) = x**3 - 106*x**2 - 9955*x + 290. Give r(-60).
-10
Let h(m) = -5682*m + 198882. Determine h(35).
12
Let c(h) = h**2 + 559*h + 55889. Determine c(-130).
119
Let u(i) = -681*i + 57344. Determine u(82).
1502
Let k(i) = i**3 + 8*i**2 - 165*i - 349. What is k(-2)?
5
Let l(a) = -3*a**2 - 859*a - 25939. Give l(-252).
17
Let a(k) = 15*k**3 + 227*k**2 + 644*k - 68. Calculate a(-4).
28
Let r(z) = -3*z**3 + 69*z**2 + 26*z - 77. What is r(24)?
-1181
Let p(q) = 4*q**3 - 34*q**2 + 68*q - 368. What is p(7)?
-186
Let k(w) = 5*w**2 - 226602*w + 226604. Determine k(1).
7
Let c(w) = 284*w**2 - 2270*w + 107. Give c(8).
123
Let q(r) = -r**2 + 23997*r + 1395218. What is q(-58)?
28
Let h(c) = c**3 - 2*c**2 - 396*c + 2. Calculate h(20).
-718
Let p(x) = -21*x**2 - 350*x - 452. Give p(-15).
73
Let b(d) = -382*d**2 - 8802*d - 80. Determine b(-23).
288
Let y(o) = -2*o**3 - 45*o**2 - 2142*o - 38142. What is y(-19)?
29
Let m(b) = 13*b**2 + 2826*b + 6903. Calculate m(-215).
238
Let k(m) = 7699*m - 338771. Calculate k(44).
-15
Let f(l) = -682*l + 20530. Give f(30).
70
Let i(m) = 20*m**2 - 761*m - 3542. What is i(-4)?
-178
Let n(b) = -13364*b - 1162668. Give n(-87).
0
Let o(q) = -q**3 + 112*q**2 - 1022*q + 190. What is o(102)?
-14
Let n(t) = -t**2 - 79*t + 7379. Give n(-136).
-373
Let f(j) = 10*j**2 - 132*j + 1338. What is f(9)?
960
Let o(j) = 2*j**3 - 45*j**2 - 199*j + 451. What is o(26)?
9
Let m(g) = g**3 + 11*g**2 - 31*g - 29. Determine m(-13).
36
Let v(g) = g**3 - 7*g**2 + 8089*g - 56620. Give v(7).
3
Let l(s) = -s**3 - 231*s**2 + 3680*s - 1807. What is l(-246)?
653
Let o(w) = -1789*w + 218261. What is o(122)?
3
Let x(y) = -3*y**3 + 109*y**2 + 188*y + 197. Give x(38).
121
Let b(u) = -10*u**2 + 1497*u - 18998. Give b(14).
0
Let g(w) = -342*w + 24281. Calculate g(71).
-1
Let g(k) = 2*k**2 - 409*k - 5944. Determine g(218).
-58
Let h(y) = -y**2 + 736*y - 74764. Determine h(121).
-349
Let h(g) = 169*g - 6654. Determine h(40).
106
Let h(p) = 609*p - 126049. Give h(203).
-2422
Let z(l) = l**3 + 37*l**2 + 102*l + 1021. What is z(-35)?
-99
Let y(x) = x**3 + 30*x**2 + 19*x - 594. Determine y(0).
-594
Let z(o) = o**3 + 72*o**2 + 892*o - 88. What is z(-16)?
-24
Let q(k) = k**3 - 111*k**2 - 314*k - 2957. Determine q(114).
235
Let p(a) = -73*a**2 + 3199*a + 576. Determine p(44).
4
Let l(r) = 8162*r + 383616. Determine l(-47).
2
Let b(k) = 2*k**2 + 839*k + 62806. What is b(-322)?
16
Let u(q) = q**2 + 61*q - 7461. Determine u(62).
165
Let m(k) = 33341*k - 400285. Determine m(12).
-193
Let b(r) = -51*r**2 - 1428*r + 11407. Give b(8).
-3281
Let o(t) = 6*t**2 + 232*t + 982. What is o(-34)?
30
Let h(b) = -606*b - 240239. Calculate h(-398).
949
Let o(q) = -5*q**2 - 2894*q - 22151. Calculate o(-571).
118
Let k(w) = -173*w - 3297. Give k(-29).
1720
Let x(r) = -191797*r + 21864861. Give x(114).
3
Let g(a) = -138*a**2 - 6939*a + 9. What is g(-50)?
1959
Let h(v) = 160*v**2 - 1246*v + 31. Calculate h(7).
-851
Let v(j) = 79*j + 858. Determine v(-18).
-564
Let r(b) = 61*b**2 + 4788*b - 91. Determine r(-79).
2358
Let x(s) = 143*s + 7927. What is x(-56)?
-81
Let v(d) = d**3 - 2*d**2 - 23*d + 10. What is v(0)